Let i(t) = 17*t - 1. Is i(p) a composite number?
False
Suppose -2*c - 2 = -12. Suppose -c*k + a = -1538, -2*a - 1216 = -4*k - 6*a. Is k a prime number?
True
Let w be 128/(-12)*15/(-4). Suppose -2*t + 0*t - 5*j = -20, 0 = j + 2. Let d = t + w. Is d a composite number?
True
Suppose 2*z = 2*m + 2810 + 6552, 0 = 2*z + 5*m - 9348. Is z composite?
False
Let s = 6 + -33. Let r = s + 61. Is r a composite number?
True
Let t = 29 + -25. Let k be 4552/32 - 1/t. Let h = k - 71. Is h a prime number?
True
Let g(x) = 4*x**3 - 3*x**2 - x + 2. Let h be g(3). Let a = h - -101. Is a composite?
False
Is 141244*((-126)/56)/(-9) composite?
False
Let d(s) be the third derivative of 7*s**5/20 + s**4/2 - 5*s**3/3 - 5*s**2. Let q be d(-10). Let h = q + -1405. Is h prime?
False
Let x be 1/((-4899)/1225 - -4). Let j = x - 836. Is j prime?
True
Let y be ((-5)/(-1))/((-1)/2). Suppose -19*m - 5*z + 158 = -17*m, -5*m = -5*z - 395. Let q = y + m. Is q prime?
False
Let f = -444 - -662. Let q be (0 + -1)/((-15)/1665). Suppose 2*c + 5*h = f, h - q = -c - h. Is c composite?
True
Let f = 8023 + -4044. Is f a prime number?
False
Suppose x = 3*j + 4472, 2*x + 0*j = 5*j + 8949. Suppose 7*l = 8*l - x. Is l a composite number?
True
Let v = 11 - 10. Let b be (-2465)/(-4) + v/(-4). Let m = b + -425. Is m composite?
False
Is 24*(-2)/(-128) + 268501/8 a composite number?
False
Suppose 2*s = 3*c + 3229, 0 = -3*s - 5*c + 4*c + 4871. Suppose -s = -5*i - 107. Is i prime?
False
Suppose 0 = -7*k + 7804 + 9717. Is k prime?
True
Let g = -849 - -1228. Is g composite?
False
Let c(f) = 18*f**3 - 6*f**2 + 4*f + 2. Let o be c(5). Suppose 2*r + 3*z - o = 0, -r - 8*z = -4*z - 1071. Is r a prime number?
False
Let h be -2 + -1 - (-102)/6. Let l = -14 + h. Is 1*(156 + l + 1) composite?
False
Let r(u) = -u**3 - 5*u**2 + 4*u - 6. Let p be ((-10)/(-4))/((-7)/42). Let j be (27/(-12))/(p/(-40)). Is r(j) a composite number?
True
Let f(y) be the first derivative of 14*y**3/3 - 3*y**2/2 + 7*y - 8. Is f(-6) prime?
False
Let v = 1840 + 3081. Let h = v + -2214. Is h a prime number?
True
Suppose -6*o - 911 + 2993 = 0. Is o a prime number?
True
Let y be (-4 - 5) + (-1)/(-1). Let l(r) = 294*r + 7. Let j(c) = -98*c - 2. Let v(h) = y*j(h) - 3*l(h). Is v(-2) composite?
False
Is (-8)/16 + (-1259)/(-2) a prime number?
False
Let f(x) = x**3 + 2*x**2 - 5*x - 1. Let c be f(4). Suppose -2*p + 8 = 5*s - 0, 3*s = 5*p - 20. Suppose 0 = -p*h + h + c. Is h prime?
False
Let x(l) = -l**3 - 4*l**2 - 2*l + 3. Let i be x(-3). Suppose i = 4*q - 19 - 21. Suppose 6*g = q*g - 140. Is g a prime number?
False
Suppose 5*f - 1 = -3*r, -8*r + 4*r - 2 = 5*f. Let n = 7 + r. Suppose 4*w - 6*i - 1480 = -i, 0 = -n*w + 3*i + 1472. Is w a prime number?
False
Let r be (879/6)/((-4)/(-8)). Suppose -r = -b - 0*b. Is b a composite number?
False
Is -6 + 8/(-8) + 18956 composite?
True
Suppose -k = -3*t + 2016, -12*t - 5*k = -13*t + 686. Is t prime?
False
Let v = 16969 - 783. Is v prime?
False
Let b be 14/7*1*2. Suppose -5*k - 493 = -4*d, -3*k = -b*d + 5*d - 136. Is d a prime number?
True
Let j(i) = 31*i + i**2 + 7 - 2*i**2 - 46*i. Is j(-14) composite?
True
Suppose -3*a + 16422 = 3*z, -5*z + 5*a + 1804 = -25536. Is z a composite number?
False
Suppose 0 = 2*m + 2*h - 1912 - 5624, -4*m = 3*h - 15069. Suppose 12*f + 3*f = m. Is f composite?
False
Let g = 82 + -78. Suppose p - 3823 = 4*z - 740, 0 = -p - g*z + 3123. Is p composite?
True
Suppose 17 = -5*l + 42. Suppose k - 66 = -l*k. Is k composite?
False
Let w be (-234)/(-91) + (-8)/14. Suppose -w*b = b - 27. Is 378/2 - (-18)/b a prime number?
True
Let i be ((-11)/22)/(1/(-44)). Let s = 108 - i. Let r = s + -27. Is r composite?
False
Let j = 10695 - 4964. Is j composite?
True
Let h be -3*(-1 + (-4)/3). Suppose -n - h = 89. Let b = 165 + n. Is b a composite number?
True
Let a(p) = 13*p**2 + 30*p + 16. Let k be 7 - 66/9 - (-76)/(-6). Is a(k) a prime number?
True
Let d be (128/96)/(4/(-6)). Is d + (-8263)/(-4) + (-3)/4 prime?
True
Let s be 6*10*2/12. Let j = 16 - s. Is 1 + -8*(-27)/j composite?
False
Let m be -7 + 3*(-10)/15. Let v(p) = -2*p**3 - 7*p**2 + 17*p + 7. Is v(m) prime?
False
Suppose -14*d - 37094 + 813940 = 0. Is d a prime number?
False
Let y = 11 - 11. Is -3 + y + -3 + 367 a composite number?
True
Let h(d) = 10*d**2 + d + 5. Let f be -3 + 0 + -5 - -4. Is h(f) prime?
False
Let y = -82 + 86. Suppose y*a = -0*a - 5*f + 5011, -a = -2*f - 1269. Is a prime?
True
Let z(x) = -67*x + 5. Let q be z(-4). Let i(j) = 3*j**3 + 4*j**2 - 4*j - 4. Let r be i(-4). Let n = q + r. Is n composite?
False
Let q be (-3)/(-6)*(0 - -34). Let j = q - 12. Suppose -j*x + 148 = 33. Is x prime?
True
Let v(a) = 6*a**2 + 16*a + 1. Is v(-12) composite?
False
Let c(d) = -d**3 - 7*d**2 - 8*d - 10. Let z be c(-6). Is ((-3541)/z + -8)/((-1)/2) a composite number?
False
Suppose 5*y + 6 = -19. Let g = -5 - y. Suppose 5*k + 234 = 5*u - 81, 2*k - 8 = g. Is u composite?
False
Let q(y) = y**3 - 7*y**2 - y + 6. Let k be q(8). Let l(m) = -k + 63 - 30*m - 54*m. Is l(-1) a composite number?
True
Let o = -27 - -27. Let m(f) = -f**2 + f + 191. Is m(o) composite?
False
Let k = -14736 - -40385. Is k a composite number?
True
Suppose 0 = 2*q + 3*q - 10190. Is q a composite number?
True
Suppose 2*g - 6*g + 24 = 0. Let x be (g/(-4))/((-30)/(-920)). Let a = x - -65. Is a a prime number?
True
Let r(s) = 3*s - s**2 + 3 - 2 + 0*s**2. Let g be r(2). Suppose 5*n + 10 = 0, -g*b - 3*n + 40 = -2*n. Is b a prime number?
False
Suppose 4*f - 5*r - 8 = 0, 4 = 2*r - r. Suppose 3*n - 5 = -3*j + f, 0 = -4*n + j + 21. Suppose n*i + 148 = 1493. Is i prime?
True
Let k = 89 + -87. Suppose 18 = 4*x + 5*r - 225, -2*x - k*r + 120 = 0. Is x a prime number?
False
Let n(y) = -y**3 + 7*y**2 + 18*y - 5. Is n(-6) a composite number?
True
Suppose -5*f - 5 = 0, -10 - 20 = -4*l + 2*f. Let u be (12/l)/((-2)/14). Let s(z) = -z**3 - 12*z**2 - 2*z - 5. Is s(u) prime?
True
Let d be (8/5)/(7/595). Suppose -a - 25 = -d. Suppose 0 = -4*p + 205 + a. Is p prime?
True
Suppose -2*x - 5 = -7. Let d(b) = 1777*b**3 - 2*b + 2. Is d(x) a prime number?
True
Let i(x) = 143*x**3 + 3*x**2 + 4. Let g be i(-3). Let s be (-2 + 3)/(5/g). Let q = s + 1121. Is q composite?
True
Let p = -26 + 31. Suppose u + 143 = 3*u - 5*j, -5*j - 320 = -p*u. Is u a prime number?
True
Suppose 0 = -726*b + 718*b + 63176. Is b prime?
False
Suppose f = 16 + 44. Suppose -y - 4*y - f = 0. Is (-3)/y + 118/8 a prime number?
False
Suppose 92*v - 1088270 = 286302. Is v a composite number?
True
Let m be -2 - 0 - 18/(-11 - -5). Is -1*(4 - 1661)*m a composite number?
False
Let o = -6832 + 12077. Is o a prime number?
False
Let j be (-34)/8*29 - 12/(-48). Let w = 16 - j. Is w a composite number?
False
Let y(p) = 28*p**2 + 6*p + 7. Let u be y(-4). Suppose -2092 = -4*h + 3*o - u, h = o + 414. Is h a prime number?
True
Suppose -372*c + 362*c + 95330 = 0. Is c composite?
False
Let c(z) = -3*z**2 + 7*z + 3. Let w be c(2). Suppose 0 = w*l - 489 + 64. Is l prime?
False
Suppose 3 = -w + 2*r, 2*w - r = -0*r + 6. Let o be (w + 4)/((-3)/(-2)). Suppose o*g - 3*g = 69. Is g composite?
False
Suppose 2*i + 5*t - 2948 = 0, 617 = i - 3*t - 879. Suppose i = -u + 2*u. Suppose 5*h + 589 - u = 0. Is h a prime number?
True
Let f be (14/28)/((-1)/(-10)). Suppose 7*r = f*r + 8. Let q(b) = 42*b - 7. Is q(r) composite?
True
Let h be 1/(3/(-39) + 0). Let f = h - -58. Let i = 98 + f. Is i a composite number?
True
Let i = -488 + 740. Let n = i - 143. Suppose 2*h = -3*r - 2*h + 175, -2*r + n = -5*h. Is r prime?
False
Suppose -t - 2*t = 4*k - 8, -4*k + 16 = t. Suppose -82 - 1383 = -k*q. Suppose 0 = -5*c + 432 + q. Is c prime?
False
Let m be 6/10 + (1 - (-7246)/(-10)). Let b = m + 1352. Is b composite?
True
Let m(g) = g**2 + 18. Let u be m(0). Suppose -u = 2*s - 0*s + 5*n, 3*n + 36 = -4*s. Let d = 30 + s. Is d composite?
True
Let s(b) = b**2 - 8*b + 5. Let f be s(7). Is 912 + f + (0 - (5 + -2)) prime?
True
Let t(f) = -188*f - 105. Is t(-25) a composite number?
True
Let p = -10917 + 18998. Is p a composite number?
False
Let y be (3/(-2))/((-21)/1904). Suppose 2*r - 78 = -2*o, 6*r - o - y = 2*r. Is r prime?
False
Suppose -11*d - 22 = -5720. Suppose -3*b = -b - d. Is b prime?
False
Is (10 - -87)*(16 + -2)/2 prime?
False
Suppose 12962 = 15*n - 76753. Is n composite?
False
Suppose -